{"id":291,"date":"2020-09-10T22:22:05","date_gmt":"2020-09-10T22:22:05","guid":{"rendered":"https:\/\/www.sustainable.cl\/?post_type=vinas&#038;p=291"},"modified":"2026-04-24T20:13:53","modified_gmt":"2026-04-24T18:13:53","slug":"matetic","status":"publish","type":"vinas","link":"https:\/\/www.sustainable.cl\/en\/vinas\/matetic\/","title":{"rendered":"Matetic"},"content":{"rendered":"\n<p>Matetic Vineyards, desde sus comienzos en 1999, convencidos de la calidad excepcional de sus uvas y del terroir donde estas se desarrollan, ha orientado sus esfuerzos a conservar y proteger el origen de sus vinos.<\/p>\n\n\n\n<p>Para esto se implement\u00f3 desde su origen, el manejo org\u00e1nico y biodin\u00e1mico en sus vi\u00f1edos, el cual les permite contar con una producci\u00f3n sustentable que respete el medio ambiente y que sea sostenible en el largo plazo, as\u00ed como el dise\u00f1o de una bodega con flujo gravitacional, la cual se mimetiza en el medio ambiente donde est\u00e1 ubicada.<\/p>\n\n\n\n<p>Como consecuencia de lo anterior, los vinos de Matetic Vineyards apuntan a tener car\u00e1cter propio, sentido de origen y autenticidad, lo cual los lleva a catalogarse como uno de los l\u00edderes dentro del segmento de alta calidad.<\/p>\n\n\n\n<p>Descargar Certificado:\u00a0<a href=\"https:\/\/www.sustainable.cl\/wp-content\/uploads\/2021\/03\/Certificado-Vina-Matetic-ing.pdf\">Matetic<\/a><\/p>\n\n\n\n<p>Ir a:&nbsp;<a href=\"http:\/\/matetic.com\/es\">http:\/\/matetic.com\/es<\/a><\/p>\n","protected":false},"featured_media":134,"template":"","categories":[3],"acf":[],"_links":{"self":[{"href":"https:\/\/www.sustainable.cl\/en\/wp-json\/wp\/v2\/vinas\/291"}],"collection":[{"href":"https:\/\/www.sustainable.cl\/en\/wp-json\/wp\/v2\/vinas"}],"about":[{"href":"https:\/\/www.sustainable.cl\/en\/wp-json\/wp\/v2\/types\/vinas"}],"wp:featuredmedia":[{"embeddable":true,"href":"https:\/\/www.sustainable.cl\/en\/wp-json\/wp\/v2\/media\/134"}],"wp:attachment":[{"href":"https:\/\/www.sustainable.cl\/en\/wp-json\/wp\/v2\/media?parent=291"}],"wp:term":[{"taxonomy":"category","embeddable":true,"href":"https:\/\/www.sustainable.cl\/en\/wp-json\/wp\/v2\/categories?post=291"}],"curies":[{"name":"wp","href":"https:\/\/api.w.org\/{rel}","templated":true}]}}

<p>Matetic Vineyards, desde sus comienzos en 1999, convencidos de la calidad excepcional de sus uvas y del terroir donde estas se desarrollan, ha orientado sus esfuerzos a conservar y proteger el origen de sus vinos.</p>



<p>Para esto se implementó desde su origen, el manejo orgánico y biodinámico en sus viñedos, el cual les permite contar con una producción sustentable que respete el medio ambiente y que sea sostenible en el largo plazo, así como el diseño de una bodega con flujo gravitacional, la cual se mimetiza en el medio ambiente donde está ubicada.</p>



<p>Como consecuencia de lo anterior, los vinos de Matetic Vineyards apuntan a tener carácter propio, sentido de origen y autenticidad, lo cual los lleva a catalogarse como uno de los líderes dentro del segmento de alta calidad.</p>



<p>Descargar Certificado: <a href="https://www.sustainable.cl/wp-content/uploads/2021/03/Certificado-Vina-Matetic-ing.pdf">Matetic</a></p>



<p>Ir a:&nbsp;<a href="http://matetic.com/es">http://matetic.com/es</a></p>
