{"id":1667,"date":"2024-03-18T19:41:17","date_gmt":"2024-03-18T18:41:17","guid":{"rendered":"https:\/\/qa.garage71.cl\/sustainable\/?page_id=1667"},"modified":"2025-11-24T20:02:56","modified_gmt":"2025-11-24T19:02:56","slug":"area-roja","status":"publish","type":"page","link":"https:\/\/www.sustainable.cl\/en\/areas-del-codigo\/area-roja\/","title":{"rendered":"\u00c1rea Roja"},"content":{"rendered":"<nav class=\"wp-block-navigation is-layout-flex wp-block-navigation-is-layout-flex\" aria-label=\"Navegaci\u00f3n\"><ul class=\"wp-block-navigation__container  wp-block-navigation\"><li class=\" wp-block-navigation-item wp-block-navigation-link\"><a class=\"wp-block-navigation-item__content\"  href=\"https:\/\/www.sustainable.cl\/areas-del-codigo\/area-verde\/\"><span class=\"wp-block-navigation-item__label\">\u00c1rea Verde<\/span><\/a><\/li><li class=\" wp-block-navigation-item wp-block-navigation-link\"><a class=\"wp-block-navigation-item__content\"  href=\"https:\/\/www.sustainable.cl\/areas-del-codigo\/area-roja\/\"><span class=\"wp-block-navigation-item__label\">\u00c1rea Roja<\/span><\/a><\/li><li class=\" wp-block-navigation-item wp-block-navigation-link\"><a class=\"wp-block-navigation-item__content\"  href=\"https:\/\/www.sustainable.cl\/areas-del-codigo\/area-naranja\/\"><span class=\"wp-block-navigation-item__label\">\u00c1rea Naranja<\/span><\/a><\/li><li class=\" wp-block-navigation-item wp-block-navigation-link\"><a class=\"wp-block-navigation-item__content\"  href=\"https:\/\/www.sustainable.cl\/areas-del-codigo\/area-morada\/\"><span class=\"wp-block-navigation-item__label\">\u00c1rea Morada<\/span><\/a><\/li><\/ul><\/nav>\n\n\n<div class=\"wp-block-columns is-layout-flex wp-container-core-columns-layout-1 wp-block-columns-is-layout-flex\">\n<div class=\"wp-block-column cabecera is-layout-flow wp-block-column-is-layout-flow\" style=\"flex-basis:66.66%\">\n<h2 class=\"wp-block-heading has-text-align-right\">Proceso<\/h2>\n\n\n\n<p class=\"has-text-align-right\" style=\"font-size:16px\">El \u00c1rea Roja comprende los requisitos asociados al proceso productivo del vino, abarcando la bodega, la planta de embotellado y otras instalaciones operacionales. Su prop\u00f3sito es asegurar pr\u00e1cticas responsables, controladas y seguras durante todas las etapas de vinificaci\u00f3n, almacenamiento, tratamiento de residuos y manejo de insumos.<\/p>\n\n\n\n<p class=\"has-text-align-right\" style=\"font-size:16px\">Esta \u00e1rea incluye cap\u00edtulos sobre control de calidad, gesti\u00f3n de insumos, agua y energ\u00eda, bodegas de materiales, laboratorios, seguridad industrial, higiene, control operacional y plantas de tratamiento, entre otros.<\/p>\n<\/div>\n\n\n\n<div class=\"wp-block-column is-layout-flow wp-block-column-is-layout-flow\" style=\"flex-basis:33.33%\">\n<figure class=\"wp-block-image size-full marco-der\"><img loading=\"lazy\" decoding=\"async\" width=\"348\" height=\"400\" src=\"https:\/\/qa.garage71.cl\/sustainable\/wp-content\/uploads\/2024\/03\/Mask-group-1.jpg\" alt=\"\" class=\"wp-image-1691\" srcset=\"https:\/\/www.sustainable.cl\/wp-content\/uploads\/2024\/03\/Mask-group-1.jpg 348w, https:\/\/www.sustainable.cl\/wp-content\/uploads\/2024\/03\/Mask-group-1-261x300.jpg 261w\" sizes=\"(max-width: 348px) 100vw, 348px\" \/><\/figure>\n<\/div>\n<\/div>\n","protected":false},"excerpt":{"rendered":"<p>Proceso El \u00c1rea Roja comprende los requisitos asociados al proceso productivo del vino, abarcando la bodega, la planta de embotellado y otras instalaciones operacionales. Su prop\u00f3sito es asegurar pr\u00e1cticas responsables, controladas y seguras durante todas las etapas de vinificaci\u00f3n, almacenamiento, tratamiento de residuos y manejo de insumos. Esta \u00e1rea incluye cap\u00edtulos sobre control de calidad, [&hellip;]<\/p>\n","protected":false},"author":1,"featured_media":0,"parent":1329,"menu_order":0,"comment_status":"closed","ping_status":"closed","template":"page-areas.php","meta":{"_acf_changed":false,"inline_featured_image":false,"footnotes":""},"acf":[],"_links":{"self":[{"href":"https:\/\/www.sustainable.cl\/en\/wp-json\/wp\/v2\/pages\/1667"}],"collection":[{"href":"https:\/\/www.sustainable.cl\/en\/wp-json\/wp\/v2\/pages"}],"about":[{"href":"https:\/\/www.sustainable.cl\/en\/wp-json\/wp\/v2\/types\/page"}],"author":[{"embeddable":true,"href":"https:\/\/www.sustainable.cl\/en\/wp-json\/wp\/v2\/users\/1"}],"replies":[{"embeddable":true,"href":"https:\/\/www.sustainable.cl\/en\/wp-json\/wp\/v2\/comments?post=1667"}],"version-history":[{"count":12,"href":"https:\/\/www.sustainable.cl\/en\/wp-json\/wp\/v2\/pages\/1667\/revisions"}],"predecessor-version":[{"id":2320,"href":"https:\/\/www.sustainable.cl\/en\/wp-json\/wp\/v2\/pages\/1667\/revisions\/2320"}],"up":[{"embeddable":true,"href":"https:\/\/www.sustainable.cl\/en\/wp-json\/wp\/v2\/pages\/1329"}],"wp:attachment":[{"href":"https:\/\/www.sustainable.cl\/en\/wp-json\/wp\/v2\/media?parent=1667"}],"curies":[{"name":"wp","href":"https:\/\/api.w.org\/{rel}","templated":true}]}}

Área Roja

<nav class="wp-block-navigation is-layout-flex wp-block-navigation-is-layout-flex" aria-label="Navegación"><ul class="wp-block-navigation__container  wp-block-navigation"><li class=" wp-block-navigation-item wp-block-navigation-link"><a class="wp-block-navigation-item__content"  href="https://www.sustainable.cl/areas-del-codigo/area-verde/"><span class="wp-block-navigation-item__label">Área Verde</span></a></li><li class=" wp-block-navigation-item wp-block-navigation-link"><a class="wp-block-navigation-item__content"  href="https://www.sustainable.cl/areas-del-codigo/area-roja/"><span class="wp-block-navigation-item__label">Área Roja</span></a></li><li class=" wp-block-navigation-item wp-block-navigation-link"><a class="wp-block-navigation-item__content"  href="https://www.sustainable.cl/areas-del-codigo/area-naranja/"><span class="wp-block-navigation-item__label">Área Naranja</span></a></li><li class=" wp-block-navigation-item wp-block-navigation-link"><a class="wp-block-navigation-item__content"  href="https://www.sustainable.cl/areas-del-codigo/area-morada/"><span class="wp-block-navigation-item__label">Área Morada</span></a></li></ul></nav>


<div class="wp-block-columns is-layout-flex wp-container-core-columns-layout-1 wp-block-columns-is-layout-flex">
<div class="wp-block-column cabecera is-layout-flow wp-block-column-is-layout-flow" style="flex-basis:66.66%">
<h2 class="wp-block-heading has-text-align-right">Proceso</h2>



<p class="has-text-align-right" style="font-size:16px">El Área Roja comprende los requisitos asociados al proceso productivo del vino, abarcando la bodega, la planta de embotellado y otras instalaciones operacionales. Su propósito es asegurar prácticas responsables, controladas y seguras durante todas las etapas de vinificación, almacenamiento, tratamiento de residuos y manejo de insumos.</p>



<p class="has-text-align-right" style="font-size:16px">Esta área incluye capítulos sobre control de calidad, gestión de insumos, agua y energía, bodegas de materiales, laboratorios, seguridad industrial, higiene, control operacional y plantas de tratamiento, entre otros.</p>
</div>



<div class="wp-block-column is-layout-flow wp-block-column-is-layout-flow" style="flex-basis:33.33%">
<figure class="wp-block-image size-full marco-der"><img loading="lazy" decoding="async" width="348" height="400" src="https://qa.garage71.cl/sustainable/wp-content/uploads/2024/03/Mask-group-1.jpg" alt="" class="wp-image-1691" srcset="https://www.sustainable.cl/wp-content/uploads/2024/03/Mask-group-1.jpg 348w, https://www.sustainable.cl/wp-content/uploads/2024/03/Mask-group-1-261x300.jpg 261w" sizes="(max-width: 348px) 100vw, 348px" /></figure>
</div>
</div>

<p>Proceso El Área Roja comprende los requisitos asociados al proceso productivo del vino, abarcando la bodega, la planta de embotellado y otras instalaciones operacionales. Su propósito es asegurar prácticas responsables, controladas y seguras durante todas las etapas de vinificación, almacenamiento, tratamiento de residuos y manejo de insumos. Esta área incluye capítulos sobre control de calidad, [&hellip;]</p>
