{"id":1664,"date":"2024-03-18T19:40:47","date_gmt":"2024-03-18T18:40:47","guid":{"rendered":"https:\/\/qa.garage71.cl\/sustainable\/?page_id=1664"},"modified":"2025-11-24T20:01:18","modified_gmt":"2025-11-24T19:01:18","slug":"area-verde","status":"publish","type":"page","link":"https:\/\/www.sustainable.cl\/en\/areas-del-codigo\/area-verde\/","title":{"rendered":"\u00c1rea Verde"},"content":{"rendered":"<nav class=\"wp-block-navigation is-layout-flex wp-block-navigation-is-layout-flex\" aria-label=\"Navegaci\u00f3n\"><ul class=\"wp-block-navigation__container  wp-block-navigation\"><li class=\" wp-block-navigation-item wp-block-navigation-link\"><a class=\"wp-block-navigation-item__content\"  href=\"https:\/\/www.sustainable.cl\/areas-del-codigo\/area-verde\/\"><span class=\"wp-block-navigation-item__label\">\u00c1rea Verde<\/span><\/a><\/li><li class=\" wp-block-navigation-item wp-block-navigation-link\"><a class=\"wp-block-navigation-item__content\"  href=\"https:\/\/www.sustainable.cl\/areas-del-codigo\/area-roja\/\"><span class=\"wp-block-navigation-item__label\">\u00c1rea Roja<\/span><\/a><\/li><li class=\" wp-block-navigation-item wp-block-navigation-link\"><a class=\"wp-block-navigation-item__content\"  href=\"https:\/\/www.sustainable.cl\/areas-del-codigo\/area-naranja\/\"><span class=\"wp-block-navigation-item__label\">\u00c1rea Naranja<\/span><\/a><\/li><li class=\" wp-block-navigation-item wp-block-navigation-link\"><a class=\"wp-block-navigation-item__content\"  href=\"https:\/\/www.sustainable.cl\/areas-del-codigo\/area-morada\/\"><span class=\"wp-block-navigation-item__label\">\u00c1rea Morada<\/span><\/a><\/li><\/ul><\/nav>\n\n\n<div class=\"wp-block-columns is-layout-flex wp-container-core-columns-layout-1 wp-block-columns-is-layout-flex\">\n<div class=\"wp-block-column is-layout-flow wp-block-column-is-layout-flow\" style=\"flex-basis:33.33%\">\n<figure class=\"wp-block-image size-full marco\"><img loading=\"lazy\" decoding=\"async\" width=\"348\" height=\"400\" src=\"https:\/\/qa.garage71.cl\/sustainable\/wp-content\/uploads\/2024\/03\/Mask-group.jpg\" alt=\"\" class=\"wp-image-1683\" srcset=\"https:\/\/www.sustainable.cl\/wp-content\/uploads\/2024\/03\/Mask-group.jpg 348w, https:\/\/www.sustainable.cl\/wp-content\/uploads\/2024\/03\/Mask-group-261x300.jpg 261w\" sizes=\"(max-width: 348px) 100vw, 348px\" \/><\/figure>\n<\/div>\n\n\n\n<div class=\"wp-block-column cabecera is-layout-flow wp-block-column-is-layout-flow\" style=\"flex-basis:66.66%\">\n<h2 class=\"wp-block-heading\">Vi\u00f1edo<\/h2>\n\n\n\n<p style=\"font-size:16px\">El \u00c1rea Verde aborda todas las pr\u00e1cticas asociadas al manejo del vi\u00f1edo, desde la planificaci\u00f3n y el uso eficiente de recursos hasta el control de plagas, la gesti\u00f3n del suelo, la biodiversidad y las condiciones de trabajo en campo. Esta \u00e1rea integra un enfoque ambiental y operativo que busca asegurar una producci\u00f3n agr\u00edcola responsable, segura y sustentable.<\/p>\n\n\n\n<p style=\"font-size:16px\">Incluye cap\u00edtulos relacionados con planificaci\u00f3n del vi\u00f1edo, riego, nutrici\u00f3n, manejo del suelo, control fitosanitario, biodiversidad, agroqu\u00edmicos, residuos, maquinaria, infraestructura agr\u00edcola y condiciones laborales en el vi\u00f1edo.<\/p>\n\n\n\n<p style=\"font-size:16px\">Esta \u00e1rea est\u00e1 dividida en dos secciones con sus respectivos cap\u00edtulos:<\/p>\n<\/div>\n<\/div>\n","protected":false},"excerpt":{"rendered":"<p>Vi\u00f1edo El \u00c1rea Verde aborda todas las pr\u00e1cticas asociadas al manejo del vi\u00f1edo, desde la planificaci\u00f3n y el uso eficiente de recursos hasta el control de plagas, la gesti\u00f3n del suelo, la biodiversidad y las condiciones de trabajo en campo. Esta \u00e1rea integra un enfoque ambiental y operativo que busca asegurar una producci\u00f3n agr\u00edcola responsable, [&hellip;]<\/p>\n","protected":false},"author":1,"featured_media":0,"parent":1329,"menu_order":0,"comment_status":"closed","ping_status":"closed","template":"page-areas.php","meta":{"_acf_changed":false,"inline_featured_image":false,"footnotes":""},"acf":[],"_links":{"self":[{"href":"https:\/\/www.sustainable.cl\/en\/wp-json\/wp\/v2\/pages\/1664"}],"collection":[{"href":"https:\/\/www.sustainable.cl\/en\/wp-json\/wp\/v2\/pages"}],"about":[{"href":"https:\/\/www.sustainable.cl\/en\/wp-json\/wp\/v2\/types\/page"}],"author":[{"embeddable":true,"href":"https:\/\/www.sustainable.cl\/en\/wp-json\/wp\/v2\/users\/1"}],"replies":[{"embeddable":true,"href":"https:\/\/www.sustainable.cl\/en\/wp-json\/wp\/v2\/comments?post=1664"}],"version-history":[{"count":16,"href":"https:\/\/www.sustainable.cl\/en\/wp-json\/wp\/v2\/pages\/1664\/revisions"}],"predecessor-version":[{"id":2318,"href":"https:\/\/www.sustainable.cl\/en\/wp-json\/wp\/v2\/pages\/1664\/revisions\/2318"}],"up":[{"embeddable":true,"href":"https:\/\/www.sustainable.cl\/en\/wp-json\/wp\/v2\/pages\/1329"}],"wp:attachment":[{"href":"https:\/\/www.sustainable.cl\/en\/wp-json\/wp\/v2\/media?parent=1664"}],"curies":[{"name":"wp","href":"https:\/\/api.w.org\/{rel}","templated":true}]}}

Área Verde

<nav class="wp-block-navigation is-layout-flex wp-block-navigation-is-layout-flex" aria-label="Navegación"><ul class="wp-block-navigation__container  wp-block-navigation"><li class=" wp-block-navigation-item wp-block-navigation-link"><a class="wp-block-navigation-item__content"  href="https://www.sustainable.cl/areas-del-codigo/area-verde/"><span class="wp-block-navigation-item__label">Área Verde</span></a></li><li class=" wp-block-navigation-item wp-block-navigation-link"><a class="wp-block-navigation-item__content"  href="https://www.sustainable.cl/areas-del-codigo/area-roja/"><span class="wp-block-navigation-item__label">Área Roja</span></a></li><li class=" wp-block-navigation-item wp-block-navigation-link"><a class="wp-block-navigation-item__content"  href="https://www.sustainable.cl/areas-del-codigo/area-naranja/"><span class="wp-block-navigation-item__label">Área Naranja</span></a></li><li class=" wp-block-navigation-item wp-block-navigation-link"><a class="wp-block-navigation-item__content"  href="https://www.sustainable.cl/areas-del-codigo/area-morada/"><span class="wp-block-navigation-item__label">Área Morada</span></a></li></ul></nav>


<div class="wp-block-columns is-layout-flex wp-container-core-columns-layout-1 wp-block-columns-is-layout-flex">
<div class="wp-block-column is-layout-flow wp-block-column-is-layout-flow" style="flex-basis:33.33%">
<figure class="wp-block-image size-full marco"><img loading="lazy" decoding="async" width="348" height="400" src="https://qa.garage71.cl/sustainable/wp-content/uploads/2024/03/Mask-group.jpg" alt="" class="wp-image-1683" srcset="https://www.sustainable.cl/wp-content/uploads/2024/03/Mask-group.jpg 348w, https://www.sustainable.cl/wp-content/uploads/2024/03/Mask-group-261x300.jpg 261w" sizes="(max-width: 348px) 100vw, 348px" /></figure>
</div>



<div class="wp-block-column cabecera is-layout-flow wp-block-column-is-layout-flow" style="flex-basis:66.66%">
<h2 class="wp-block-heading">Viñedo</h2>



<p style="font-size:16px">El Área Verde aborda todas las prácticas asociadas al manejo del viñedo, desde la planificación y el uso eficiente de recursos hasta el control de plagas, la gestión del suelo, la biodiversidad y las condiciones de trabajo en campo. Esta área integra un enfoque ambiental y operativo que busca asegurar una producción agrícola responsable, segura y sustentable.</p>



<p style="font-size:16px">Incluye capítulos relacionados con planificación del viñedo, riego, nutrición, manejo del suelo, control fitosanitario, biodiversidad, agroquímicos, residuos, maquinaria, infraestructura agrícola y condiciones laborales en el viñedo.</p>



<p style="font-size:16px">Esta área está dividida en dos secciones con sus respectivos capítulos:</p>
</div>
</div>

<p>Viñedo El Área Verde aborda todas las prácticas asociadas al manejo del viñedo, desde la planificación y el uso eficiente de recursos hasta el control de plagas, la gestión del suelo, la biodiversidad y las condiciones de trabajo en campo. Esta área integra un enfoque ambiental y operativo que busca asegurar una producción agrícola responsable, [&hellip;]</p>
