{"id":1355,"date":"2024-02-10T16:52:32","date_gmt":"2024-02-10T15:52:32","guid":{"rendered":"https:\/\/qa.garage71.cl\/sustainable\/?page_id=1355"},"modified":"2024-02-15T02:05:09","modified_gmt":"2024-02-15T01:05:09","slug":"gobernanza","status":"publish","type":"page","link":"https:\/\/www.sustainable.cl\/en\/nuestros-pilares\/gobernanza\/","title":{"rendered":"Gobernanza"},"content":{"rendered":"<nav class=\"wp-block-navigation is-layout-flex wp-block-navigation-is-layout-flex\" aria-label=\"Nuestros pilares\"><ul class=\"wp-block-navigation__container  wp-block-navigation\"><li class=\" wp-block-navigation-item wp-block-navigation-link\"><a class=\"wp-block-navigation-item__content\"  href=\"https:\/\/www.sustainable.cl\/nuestros-pilares\/gobernanza\/\"><span class=\"wp-block-navigation-item__label\">Gobernanza<\/span><\/a><\/li><li class=\" wp-block-navigation-item wp-block-navigation-link\"><a class=\"wp-block-navigation-item__content\"  href=\"https:\/\/www.sustainable.cl\/nuestros-pilares\/trabajadores-y-comunidades\/\"><span class=\"wp-block-navigation-item__label\">Trabajadores y Comunidades<\/span><\/a><\/li><li class=\" wp-block-navigation-item wp-block-navigation-link\"><a class=\"wp-block-navigation-item__content\"  href=\"https:\/\/www.sustainable.cl\/nuestros-pilares\/consumidores\/\"><span class=\"wp-block-navigation-item__label\">Consumidores<\/span><\/a><\/li><li class=\" wp-block-navigation-item wp-block-navigation-link\"><a class=\"wp-block-navigation-item__content\"  href=\"https:\/\/www.sustainable.cl\/nuestros-pilares\/biodiversidad\/\"><span class=\"wp-block-navigation-item__label\">Biodiversidad<\/span><\/a><\/li><li class=\" wp-block-navigation-item wp-block-navigation-link\"><a class=\"wp-block-navigation-item__content\"  href=\"https:\/\/www.sustainable.cl\/nuestros-pilares\/cambio-climatico\/\"><span class=\"wp-block-navigation-item__label\">Cambio Clim\u00e1tico<\/span><\/a><\/li><li class=\" wp-block-navigation-item wp-block-navigation-link\"><a class=\"wp-block-navigation-item__content\"  href=\"https:\/\/www.sustainable.cl\/nuestros-pilares\/suelo-aire-y-agua-2\/\"><span class=\"wp-block-navigation-item__label\">Suelo, Aire y Agua<\/span><\/a><\/li><\/ul><\/nav>\n\n\n<div class=\"wp-block-columns is-layout-flex wp-container-core-columns-layout-1 wp-block-columns-is-layout-flex\">\n<div class=\"wp-block-column is-layout-flow wp-block-column-is-layout-flow\" style=\"flex-basis:33.33%\">\n<figure class=\"wp-block-image size-full\"><img loading=\"lazy\" decoding=\"async\" width=\"750\" height=\"750\" src=\"https:\/\/qa.garage71.cl\/sustainable\/wp-content\/uploads\/2024\/02\/AN-c1.png\" alt=\"\" class=\"wp-image-1347\" srcset=\"https:\/\/www.sustainable.cl\/wp-content\/uploads\/2024\/02\/AN-c1.png 750w, https:\/\/www.sustainable.cl\/wp-content\/uploads\/2024\/02\/AN-c1-300x300.png 300w, https:\/\/www.sustainable.cl\/wp-content\/uploads\/2024\/02\/AN-c1-150x150.png 150w\" sizes=\"(max-width: 750px) 100vw, 750px\" \/><\/figure>\n<\/div>\n\n\n\n<div class=\"wp-block-column is-layout-flow wp-block-column-is-layout-flow\" style=\"flex-basis:66.66%\">\n<h2 class=\"wp-block-heading\">Gobernanza<\/h2>\n\n\n\n<p>Las buenas organizaciones necesitan una estructura con responsabilidades claras y procedimientos espec\u00edficos que aseguren el buen funcionamiento y la generaci\u00f3n real de valor. Nuestro C\u00f3digo exige una gobernanza de calidad y en su propio sistema interno, incorpora diversas instancias de decisi\u00f3n y un sistema de certificaci\u00f3n externo e independiente.<\/p>\n<\/div>\n<\/div>\n","protected":false},"excerpt":{"rendered":"<p>Gobernanza Las buenas organizaciones necesitan una estructura con responsabilidades claras y procedimientos espec\u00edficos que aseguren el buen funcionamiento y la generaci\u00f3n real de valor. Nuestro C\u00f3digo exige una gobernanza de calidad y en su propio sistema interno, incorpora diversas instancias de decisi\u00f3n y un sistema de certificaci\u00f3n externo e independiente.<\/p>\n","protected":false},"author":1,"featured_media":0,"parent":1323,"menu_order":0,"comment_status":"closed","ping_status":"closed","template":"","meta":{"_acf_changed":false,"inline_featured_image":false,"footnotes":""},"acf":[],"_links":{"self":[{"href":"https:\/\/www.sustainable.cl\/en\/wp-json\/wp\/v2\/pages\/1355"}],"collection":[{"href":"https:\/\/www.sustainable.cl\/en\/wp-json\/wp\/v2\/pages"}],"about":[{"href":"https:\/\/www.sustainable.cl\/en\/wp-json\/wp\/v2\/types\/page"}],"author":[{"embeddable":true,"href":"https:\/\/www.sustainable.cl\/en\/wp-json\/wp\/v2\/users\/1"}],"replies":[{"embeddable":true,"href":"https:\/\/www.sustainable.cl\/en\/wp-json\/wp\/v2\/comments?post=1355"}],"version-history":[{"count":4,"href":"https:\/\/www.sustainable.cl\/en\/wp-json\/wp\/v2\/pages\/1355\/revisions"}],"predecessor-version":[{"id":1506,"href":"https:\/\/www.sustainable.cl\/en\/wp-json\/wp\/v2\/pages\/1355\/revisions\/1506"}],"up":[{"embeddable":true,"href":"https:\/\/www.sustainable.cl\/en\/wp-json\/wp\/v2\/pages\/1323"}],"wp:attachment":[{"href":"https:\/\/www.sustainable.cl\/en\/wp-json\/wp\/v2\/media?parent=1355"}],"curies":[{"name":"wp","href":"https:\/\/api.w.org\/{rel}","templated":true}]}}

<nav class="wp-block-navigation is-layout-flex wp-block-navigation-is-layout-flex" aria-label="Nuestros pilares"><ul class="wp-block-navigation__container  wp-block-navigation"><li class=" wp-block-navigation-item wp-block-navigation-link"><a class="wp-block-navigation-item__content"  href="https://www.sustainable.cl/nuestros-pilares/gobernanza/"><span class="wp-block-navigation-item__label">Gobernanza</span></a></li><li class=" wp-block-navigation-item wp-block-navigation-link"><a class="wp-block-navigation-item__content"  href="https://www.sustainable.cl/nuestros-pilares/trabajadores-y-comunidades/"><span class="wp-block-navigation-item__label">Trabajadores y Comunidades</span></a></li><li class=" wp-block-navigation-item wp-block-navigation-link"><a class="wp-block-navigation-item__content"  href="https://www.sustainable.cl/nuestros-pilares/consumidores/"><span class="wp-block-navigation-item__label">Consumidores</span></a></li><li class=" wp-block-navigation-item wp-block-navigation-link"><a class="wp-block-navigation-item__content"  href="https://www.sustainable.cl/nuestros-pilares/biodiversidad/"><span class="wp-block-navigation-item__label">Biodiversidad</span></a></li><li class=" wp-block-navigation-item wp-block-navigation-link"><a class="wp-block-navigation-item__content"  href="https://www.sustainable.cl/nuestros-pilares/cambio-climatico/"><span class="wp-block-navigation-item__label">Cambio Climático</span></a></li><li class=" wp-block-navigation-item wp-block-navigation-link"><a class="wp-block-navigation-item__content"  href="https://www.sustainable.cl/nuestros-pilares/suelo-aire-y-agua-2/"><span class="wp-block-navigation-item__label">Suelo, Aire y Agua</span></a></li></ul></nav>


<div class="wp-block-columns is-layout-flex wp-container-core-columns-layout-1 wp-block-columns-is-layout-flex">
<div class="wp-block-column is-layout-flow wp-block-column-is-layout-flow" style="flex-basis:33.33%">
<figure class="wp-block-image size-full"><img loading="lazy" decoding="async" width="750" height="750" src="https://qa.garage71.cl/sustainable/wp-content/uploads/2024/02/AN-c1.png" alt="" class="wp-image-1347" srcset="https://www.sustainable.cl/wp-content/uploads/2024/02/AN-c1.png 750w, https://www.sustainable.cl/wp-content/uploads/2024/02/AN-c1-300x300.png 300w, https://www.sustainable.cl/wp-content/uploads/2024/02/AN-c1-150x150.png 150w" sizes="(max-width: 750px) 100vw, 750px" /></figure>
</div>



<div class="wp-block-column is-layout-flow wp-block-column-is-layout-flow" style="flex-basis:66.66%">
<h2 class="wp-block-heading">Gobernanza</h2>



<p>Las buenas organizaciones necesitan una estructura con responsabilidades claras y procedimientos específicos que aseguren el buen funcionamiento y la generación real de valor. Nuestro Código exige una gobernanza de calidad y en su propio sistema interno, incorpora diversas instancias de decisión y un sistema de certificación externo e independiente.</p>
</div>
</div>

<p>Gobernanza Las buenas organizaciones necesitan una estructura con responsabilidades claras y procedimientos específicos que aseguren el buen funcionamiento y la generación real de valor. Nuestro Código exige una gobernanza de calidad y en su propio sistema interno, incorpora diversas instancias de decisión y un sistema de certificación externo e independiente.</p>
